{"id":771,"date":"2023-03-09T19:05:20","date_gmt":"2023-03-09T19:05:20","guid":{"rendered":"https:\/\/ikit.org\/summerinstitute2023\/?page_id=771"},"modified":"2023-03-09T19:26:02","modified_gmt":"2023-03-09T19:26:02","slug":"organizers","status":"publish","type":"page","link":"https:\/\/ikit.org\/summerinstitute2023\/organizers\/","title":{"rendered":"Organizers"},"content":{"rendered":"\t\t<div data-elementor-type=\"wp-page\" data-elementor-id=\"771\" class=\"elementor elementor-771\">\n\t\t\t\t\t\t<section class=\"elementor-section elementor-top-section elementor-element elementor-element-a119ac9 elementor-section-boxed elementor-section-height-default elementor-section-height-default\" data-id=\"a119ac9\" data-element_type=\"section\" data-e-type=\"section\">\n\t\t\t\t\t\t<div class=\"elementor-container elementor-column-gap-default\">\n\t\t\t\t\t<div class=\"elementor-column elementor-col-100 elementor-top-column elementor-element elementor-element-9448d85\" data-id=\"9448d85\" data-element_type=\"column\" data-e-type=\"column\">\n\t\t\t<div class=\"elementor-widget-wrap elementor-element-populated\">\n\t\t\t\t\t\t<div class=\"elementor-element elementor-element-23c3a5b elementor-widget elementor-widget-heading\" data-id=\"23c3a5b\" data-element_type=\"widget\" data-e-type=\"widget\" data-widget_type=\"heading.default\">\n\t\t\t\t<div class=\"elementor-widget-container\">\n\t\t\t\t\t<h2 class=\"elementor-heading-title elementor-size-default\">Knowledge Building International<\/h2>\t\t\t\t<\/div>\n\t\t\t\t<\/div>\n\t\t\t\t<div class=\"elementor-element elementor-element-35773bc elementor-widget elementor-widget-text-editor\" data-id=\"35773bc\" data-element_type=\"widget\" data-e-type=\"widget\" data-widget_type=\"text-editor.default\">\n\t\t\t\t<div class=\"elementor-widget-container\">\n\t\t\t\t\t\t\t\t\t<p>KBI is a membership-based association of educators working across sectors and across borders to extend the realm of the possible in education. Membership is open to anyone with an interest in Knowledge Building in education or more generally in knowledge creation for public good. Membership is especially urged for educators, researchers, technology developers, and policy-makers who want to help turn 21st-century education into education for innovation and knowledge building. Through partnerships we will advance Knowledge Building theory, practices and technology to meet our shared goals and to secure grants and sponsorships.<\/p>\t\t\t\t\t\t\t\t<\/div>\n\t\t\t\t<\/div>\n\t\t\t\t<div class=\"elementor-element elementor-element-0d22947 elementor-widget elementor-widget-spacer\" data-id=\"0d22947\" data-element_type=\"widget\" data-e-type=\"widget\" data-widget_type=\"spacer.default\">\n\t\t\t\t<div class=\"elementor-widget-container\">\n\t\t\t\t\t\t\t<div class=\"elementor-spacer\">\n\t\t\t<div class=\"elementor-spacer-inner\"><\/div>\n\t\t<\/div>\n\t\t\t\t\t\t<\/div>\n\t\t\t\t<\/div>\n\t\t\t\t<div class=\"elementor-element elementor-element-a388c1d elementor-widget elementor-widget-heading\" data-id=\"a388c1d\" data-element_type=\"widget\" data-e-type=\"widget\" data-widget_type=\"heading.default\">\n\t\t\t\t<div class=\"elementor-widget-container\">\n\t\t\t\t\t<h4 class=\"elementor-heading-title elementor-size-default\">Board of Directors<\/h4>\t\t\t\t<\/div>\n\t\t\t\t<\/div>\n\t\t\t\t<div class=\"elementor-element elementor-element-9670c4c elementor-position-left elementor-vertical-align-top elementor-widget elementor-widget-image-box\" data-id=\"9670c4c\" data-element_type=\"widget\" data-e-type=\"widget\" data-widget_type=\"image-box.default\">\n\t\t\t\t<div class=\"elementor-widget-container\">\n\t\t\t\t\t<div class=\"elementor-image-box-wrapper\"><figure class=\"elementor-image-box-img\"><img decoding=\"async\" width=\"150\" height=\"150\" src=\"https:\/\/ikit.org\/summerinstitute2023\/wp-content\/uploads\/2023\/03\/Screenshot-2023-03-09-at-3.22.59-PM-150x150.png\" class=\"attachment-thumbnail size-thumbnail wp-image-786\" alt=\"\" srcset=\"https:\/\/ikit.org\/summerinstitute2023\/wp-content\/uploads\/2023\/03\/Screenshot-2023-03-09-at-3.22.59-PM-150x150.png 150w, https:\/\/ikit.org\/summerinstitute2023\/wp-content\/uploads\/2023\/03\/Screenshot-2023-03-09-at-3.22.59-PM-300x300.png 300w, https:\/\/ikit.org\/summerinstitute2023\/wp-content\/uploads\/2023\/03\/Screenshot-2023-03-09-at-3.22.59-PM.png 330w\" sizes=\"(max-width: 150px) 100vw, 150px\" \/><\/figure><div class=\"elementor-image-box-content\"><h5 class=\"elementor-image-box-title\">Th\u00e9r\u00e8se Laferri\u00e8re<\/h5><p class=\"elementor-image-box-description\">Professeure titulaire, FS\u00c9 D\u00e9partement d'\u00e9tudes sur l'enseignement et l'apprentissage, \nUniversit\u00e9 Laval, Canada<\/p><\/div><\/div>\t\t\t\t<\/div>\n\t\t\t\t<\/div>\n\t\t\t\t<div class=\"elementor-element elementor-element-02f82e4 elementor-position-left elementor-vertical-align-top elementor-widget elementor-widget-image-box\" data-id=\"02f82e4\" data-element_type=\"widget\" data-e-type=\"widget\" data-widget_type=\"image-box.default\">\n\t\t\t\t<div class=\"elementor-widget-container\">\n\t\t\t\t\t<div class=\"elementor-image-box-wrapper\"><figure class=\"elementor-image-box-img\"><img decoding=\"async\" width=\"150\" height=\"150\" src=\"https:\/\/ikit.org\/summerinstitute2023\/wp-content\/uploads\/2023\/03\/Screenshot-2023-03-09-at-3.22.34-PM-150x150.png\" class=\"attachment-thumbnail size-thumbnail wp-image-787\" alt=\"\" srcset=\"https:\/\/ikit.org\/summerinstitute2023\/wp-content\/uploads\/2023\/03\/Screenshot-2023-03-09-at-3.22.34-PM-150x150.png 150w, https:\/\/ikit.org\/summerinstitute2023\/wp-content\/uploads\/2023\/03\/Screenshot-2023-03-09-at-3.22.34-PM-300x300.png 300w, https:\/\/ikit.org\/summerinstitute2023\/wp-content\/uploads\/2023\/03\/Screenshot-2023-03-09-at-3.22.34-PM.png 395w\" sizes=\"(max-width: 150px) 100vw, 150px\" \/><\/figure><div class=\"elementor-image-box-content\"><h5 class=\"elementor-image-box-title\">Marlene Scardamalia<\/h5><p class=\"elementor-image-box-description\">Inaugural Presidents' Chair in Education and Knowledge Technologies, Distinguished Professor, and Director of the Institute for Knowledge Innovation and Technology, University of Toronto, Canada<\/p><\/div><\/div>\t\t\t\t<\/div>\n\t\t\t\t<\/div>\n\t\t\t\t<div class=\"elementor-element elementor-element-05a98c4 elementor-position-left elementor-vertical-align-top elementor-widget elementor-widget-image-box\" data-id=\"05a98c4\" data-element_type=\"widget\" data-e-type=\"widget\" data-widget_type=\"image-box.default\">\n\t\t\t\t<div class=\"elementor-widget-container\">\n\t\t\t\t\t<div class=\"elementor-image-box-wrapper\"><figure class=\"elementor-image-box-img\"><img decoding=\"async\" width=\"150\" height=\"150\" src=\"https:\/\/ikit.org\/summerinstitute2023\/wp-content\/uploads\/2023\/03\/Screenshot-2023-03-09-at-3.23.12-PM-150x150.png\" class=\"attachment-thumbnail size-thumbnail wp-image-788\" alt=\"\" \/><\/figure><div class=\"elementor-image-box-content\"><h5 class=\"elementor-image-box-title\">Richard Reeve<\/h5><p class=\"elementor-image-box-description\">Associate Professor of Information and Communication Technology,\nInformation and Communication Technology, Queen's University, Canada<\/p><\/div><\/div>\t\t\t\t<\/div>\n\t\t\t\t<\/div>\n\t\t\t\t<div class=\"elementor-element elementor-element-d089796 elementor-widget elementor-widget-spacer\" data-id=\"d089796\" data-element_type=\"widget\" data-e-type=\"widget\" data-widget_type=\"spacer.default\">\n\t\t\t\t<div class=\"elementor-widget-container\">\n\t\t\t\t\t\t\t<div class=\"elementor-spacer\">\n\t\t\t<div class=\"elementor-spacer-inner\"><\/div>\n\t\t<\/div>\n\t\t\t\t\t\t<\/div>\n\t\t\t\t<\/div>\n\t\t\t\t<div class=\"elementor-element elementor-element-b307dd9 elementor-widget elementor-widget-heading\" data-id=\"b307dd9\" data-element_type=\"widget\" data-e-type=\"widget\" data-widget_type=\"heading.default\">\n\t\t\t\t<div class=\"elementor-widget-container\">\n\t\t\t\t\t<h4 class=\"elementor-heading-title elementor-size-default\">KBSI 2023 Program Committee<\/h4>\t\t\t\t<\/div>\n\t\t\t\t<\/div>\n\t\t\t\t<div class=\"elementor-element elementor-element-49186de elementor-position-left elementor-vertical-align-top elementor-widget elementor-widget-image-box\" data-id=\"49186de\" data-element_type=\"widget\" data-e-type=\"widget\" data-widget_type=\"image-box.default\">\n\t\t\t\t<div class=\"elementor-widget-container\">\n\t\t\t\t\t<div class=\"elementor-image-box-wrapper\"><figure class=\"elementor-image-box-img\"><img loading=\"lazy\" decoding=\"async\" width=\"150\" height=\"150\" src=\"https:\/\/ikit.org\/summerinstitute2023\/wp-content\/uploads\/2023\/03\/Screenshot-2023-03-09-at-3.23.33-PM-150x150.png\" class=\"attachment-thumbnail size-thumbnail wp-image-789\" alt=\"\" srcset=\"https:\/\/ikit.org\/summerinstitute2023\/wp-content\/uploads\/2023\/03\/Screenshot-2023-03-09-at-3.23.33-PM-150x150.png 150w, https:\/\/ikit.org\/summerinstitute2023\/wp-content\/uploads\/2023\/03\/Screenshot-2023-03-09-at-3.23.33-PM-300x300.png 300w, https:\/\/ikit.org\/summerinstitute2023\/wp-content\/uploads\/2023\/03\/Screenshot-2023-03-09-at-3.23.33-PM.png 450w\" sizes=\"(max-width: 150px) 100vw, 150px\" \/><\/figure><div class=\"elementor-image-box-content\"><h5 class=\"elementor-image-box-title\">Fernando D\u00edaz del Castillo<\/h5><p class=\"elementor-image-box-description\">Chair of the Program Committee, Chief Learning Officer, Fundaci\u00f3n Shaia, Associate Teacher, Gimnasio La Monta\u00f1a, Colombia<\/p><\/div><\/div>\t\t\t\t<\/div>\n\t\t\t\t<\/div>\n\t\t\t\t<div class=\"elementor-element elementor-element-c6835d8 elementor-position-left elementor-vertical-align-top elementor-widget elementor-widget-image-box\" data-id=\"c6835d8\" data-element_type=\"widget\" data-e-type=\"widget\" data-widget_type=\"image-box.default\">\n\t\t\t\t<div class=\"elementor-widget-container\">\n\t\t\t\t\t<div class=\"elementor-image-box-wrapper\"><figure class=\"elementor-image-box-img\"><img loading=\"lazy\" decoding=\"async\" width=\"150\" height=\"150\" src=\"https:\/\/ikit.org\/summerinstitute2023\/wp-content\/uploads\/2023\/03\/Screenshot-2023-03-09-at-3.23.46-PM-150x150.png\" class=\"attachment-thumbnail size-thumbnail wp-image-790\" alt=\"\" srcset=\"https:\/\/ikit.org\/summerinstitute2023\/wp-content\/uploads\/2023\/03\/Screenshot-2023-03-09-at-3.23.46-PM-150x150.png 150w, https:\/\/ikit.org\/summerinstitute2023\/wp-content\/uploads\/2023\/03\/Screenshot-2023-03-09-at-3.23.46-PM-300x300.png 300w, https:\/\/ikit.org\/summerinstitute2023\/wp-content\/uploads\/2023\/03\/Screenshot-2023-03-09-at-3.23.46-PM.png 477w\" sizes=\"(max-width: 150px) 100vw, 150px\" \/><\/figure><div class=\"elementor-image-box-content\"><h5 class=\"elementor-image-box-title\">Carol K. K. Chan<\/h5><p class=\"elementor-image-box-description\">Honorary Professor, \nAcademic Unit of Human Communication, Development, and Information Sciences, University of Hong Kong<\/p><\/div><\/div>\t\t\t\t<\/div>\n\t\t\t\t<\/div>\n\t\t\t\t<div class=\"elementor-element elementor-element-e10a087 elementor-position-left elementor-vertical-align-top elementor-widget elementor-widget-image-box\" data-id=\"e10a087\" data-element_type=\"widget\" data-e-type=\"widget\" data-widget_type=\"image-box.default\">\n\t\t\t\t<div class=\"elementor-widget-container\">\n\t\t\t\t\t<div class=\"elementor-image-box-wrapper\"><figure class=\"elementor-image-box-img\"><img loading=\"lazy\" decoding=\"async\" width=\"150\" height=\"150\" src=\"https:\/\/ikit.org\/summerinstitute2023\/wp-content\/uploads\/2023\/03\/Screenshot-2023-03-09-at-3.24.05-PM-150x150.png\" class=\"attachment-thumbnail size-thumbnail wp-image-791\" alt=\"\" srcset=\"https:\/\/ikit.org\/summerinstitute2023\/wp-content\/uploads\/2023\/03\/Screenshot-2023-03-09-at-3.24.05-PM-150x150.png 150w, https:\/\/ikit.org\/summerinstitute2023\/wp-content\/uploads\/2023\/03\/Screenshot-2023-03-09-at-3.24.05-PM-300x300.png 300w, https:\/\/ikit.org\/summerinstitute2023\/wp-content\/uploads\/2023\/03\/Screenshot-2023-03-09-at-3.24.05-PM.png 551w\" sizes=\"(max-width: 150px) 100vw, 150px\" \/><\/figure><div class=\"elementor-image-box-content\"><h5 class=\"elementor-image-box-title\">Seng Chee Tan<\/h5><p class=\"elementor-image-box-description\">Associate Dean, Graduate Education by Research, Office of Graduate Studies and Professional Learning, Associate Professor, National Institute of Education, Nanyang Technological University, Singapore<\/p><\/div><\/div>\t\t\t\t<\/div>\n\t\t\t\t<\/div>\n\t\t\t\t\t<\/div>\n\t\t<\/div>\n\t\t\t\t\t<\/div>\n\t\t<\/section>\n\t\t\t\t<\/div>\n\t\t","protected":false},"excerpt":{"rendered":"<p>Knowledge Building International KBI is a membership-based association of educators working across sectors and across borders to extend the realm of the possible in education. Membership is open to anyone with an interest in Knowledge Building in education or more generally in knowledge creation for public good. Membership is especially urged for educators, researchers, technology developers, and policy-makers who want to help turn 21st-century education into education for innovation and&hellip;<\/p>\n","protected":false},"author":2,"featured_media":0,"parent":0,"menu_order":0,"comment_status":"closed","ping_status":"closed","template":"","meta":{"footnotes":""},"class_list":["post-771","page","type-page","status-publish","hentry"],"_links":{"self":[{"href":"https:\/\/ikit.org\/summerinstitute2023\/wp-json\/wp\/v2\/pages\/771","targetHints":{"allow":["GET"]}}],"collection":[{"href":"https:\/\/ikit.org\/summerinstitute2023\/wp-json\/wp\/v2\/pages"}],"about":[{"href":"https:\/\/ikit.org\/summerinstitute2023\/wp-json\/wp\/v2\/types\/page"}],"author":[{"embeddable":true,"href":"https:\/\/ikit.org\/summerinstitute2023\/wp-json\/wp\/v2\/users\/2"}],"replies":[{"embeddable":true,"href":"https:\/\/ikit.org\/summerinstitute2023\/wp-json\/wp\/v2\/comments?post=771"}],"version-history":[{"count":13,"href":"https:\/\/ikit.org\/summerinstitute2023\/wp-json\/wp\/v2\/pages\/771\/revisions"}],"predecessor-version":[{"id":794,"href":"https:\/\/ikit.org\/summerinstitute2023\/wp-json\/wp\/v2\/pages\/771\/revisions\/794"}],"wp:attachment":[{"href":"https:\/\/ikit.org\/summerinstitute2023\/wp-json\/wp\/v2\/media?parent=771"}],"curies":[{"name":"wp","href":"https:\/\/api.w.org\/{rel}","templated":true}]}}

<div data-elementor-type="wp-page" data-elementor-id="771" class="elementor elementor-771">
						<section class="elementor-section elementor-top-section elementor-element elementor-element-a119ac9 elementor-section-boxed elementor-section-height-default elementor-section-height-default" data-id="a119ac9" data-element_type="section" data-e-type="section">
						<div class="elementor-container elementor-column-gap-default">
					<div class="elementor-column elementor-col-100 elementor-top-column elementor-element elementor-element-9448d85" data-id="9448d85" data-element_type="column" data-e-type="column">
			<div class="elementor-widget-wrap elementor-element-populated">
						<div class="elementor-element elementor-element-23c3a5b elementor-widget elementor-widget-heading" data-id="23c3a5b" data-element_type="widget" data-e-type="widget" data-widget_type="heading.default">
				<div class="elementor-widget-container">
					<h2 class="elementor-heading-title elementor-size-default">Knowledge Building International</h2>				</div>
				</div>
				<div class="elementor-element elementor-element-35773bc elementor-widget elementor-widget-text-editor" data-id="35773bc" data-element_type="widget" data-e-type="widget" data-widget_type="text-editor.default">
				<div class="elementor-widget-container">
									<p>KBI is a membership-based association of educators working across sectors and across borders to extend the realm of the possible in education. Membership is open to anyone with an interest in Knowledge Building in education or more generally in knowledge creation for public good. Membership is especially urged for educators, researchers, technology developers, and policy-makers who want to help turn 21st-century education into education for innovation and knowledge building. Through partnerships we will advance Knowledge Building theory, practices and technology to meet our shared goals and to secure grants and sponsorships.</p>								</div>
				</div>
				<div class="elementor-element elementor-element-0d22947 elementor-widget elementor-widget-spacer" data-id="0d22947" data-element_type="widget" data-e-type="widget" data-widget_type="spacer.default">
				<div class="elementor-widget-container">
							<div class="elementor-spacer">
			<div class="elementor-spacer-inner"></div>
		</div>
						</div>
				</div>
				<div class="elementor-element elementor-element-a388c1d elementor-widget elementor-widget-heading" data-id="a388c1d" data-element_type="widget" data-e-type="widget" data-widget_type="heading.default">
				<div class="elementor-widget-container">
					<h4 class="elementor-heading-title elementor-size-default">Board of Directors</h4>				</div>
				</div>
				<div class="elementor-element elementor-element-9670c4c elementor-position-left elementor-vertical-align-top elementor-widget elementor-widget-image-box" data-id="9670c4c" data-element_type="widget" data-e-type="widget" data-widget_type="image-box.default">
				<div class="elementor-widget-container">
					<div class="elementor-image-box-wrapper"><figure class="elementor-image-box-img"><img decoding="async" width="150" height="150" src="https://ikit.org/summerinstitute2023/wp-content/uploads/2023/03/Screenshot-2023-03-09-at-3.22.59-PM-150x150.png" class="attachment-thumbnail size-thumbnail wp-image-786" alt="" srcset="https://ikit.org/summerinstitute2023/wp-content/uploads/2023/03/Screenshot-2023-03-09-at-3.22.59-PM-150x150.png 150w, https://ikit.org/summerinstitute2023/wp-content/uploads/2023/03/Screenshot-2023-03-09-at-3.22.59-PM-300x300.png 300w, https://ikit.org/summerinstitute2023/wp-content/uploads/2023/03/Screenshot-2023-03-09-at-3.22.59-PM.png 330w" sizes="(max-width: 150px) 100vw, 150px" /></figure><div class="elementor-image-box-content"><h5 class="elementor-image-box-title">Thérèse Laferrière</h5><p class="elementor-image-box-description">Professeure titulaire, FSÉ Département d'études sur l'enseignement et l'apprentissage, 
Université Laval, Canada</p></div></div>				</div>
				</div>
				<div class="elementor-element elementor-element-02f82e4 elementor-position-left elementor-vertical-align-top elementor-widget elementor-widget-image-box" data-id="02f82e4" data-element_type="widget" data-e-type="widget" data-widget_type="image-box.default">
				<div class="elementor-widget-container">
					<div class="elementor-image-box-wrapper"><figure class="elementor-image-box-img"><img decoding="async" width="150" height="150" src="https://ikit.org/summerinstitute2023/wp-content/uploads/2023/03/Screenshot-2023-03-09-at-3.22.34-PM-150x150.png" class="attachment-thumbnail size-thumbnail wp-image-787" alt="" srcset="https://ikit.org/summerinstitute2023/wp-content/uploads/2023/03/Screenshot-2023-03-09-at-3.22.34-PM-150x150.png 150w, https://ikit.org/summerinstitute2023/wp-content/uploads/2023/03/Screenshot-2023-03-09-at-3.22.34-PM-300x300.png 300w, https://ikit.org/summerinstitute2023/wp-content/uploads/2023/03/Screenshot-2023-03-09-at-3.22.34-PM.png 395w" sizes="(max-width: 150px) 100vw, 150px" /></figure><div class="elementor-image-box-content"><h5 class="elementor-image-box-title">Marlene Scardamalia</h5><p class="elementor-image-box-description">Inaugural Presidents' Chair in Education and Knowledge Technologies, Distinguished Professor, and Director of the Institute for Knowledge Innovation and Technology, University of Toronto, Canada</p></div></div>				</div>
				</div>
				<div class="elementor-element elementor-element-05a98c4 elementor-position-left elementor-vertical-align-top elementor-widget elementor-widget-image-box" data-id="05a98c4" data-element_type="widget" data-e-type="widget" data-widget_type="image-box.default">
				<div class="elementor-widget-container">
					<div class="elementor-image-box-wrapper"><figure class="elementor-image-box-img"><img decoding="async" width="150" height="150" src="https://ikit.org/summerinstitute2023/wp-content/uploads/2023/03/Screenshot-2023-03-09-at-3.23.12-PM-150x150.png" class="attachment-thumbnail size-thumbnail wp-image-788" alt="" /></figure><div class="elementor-image-box-content"><h5 class="elementor-image-box-title">Richard Reeve</h5><p class="elementor-image-box-description">Associate Professor of Information and Communication Technology,
Information and Communication Technology, Queen's University, Canada</p></div></div>				</div>
				</div>
				<div class="elementor-element elementor-element-d089796 elementor-widget elementor-widget-spacer" data-id="d089796" data-element_type="widget" data-e-type="widget" data-widget_type="spacer.default">
				<div class="elementor-widget-container">
							<div class="elementor-spacer">
			<div class="elementor-spacer-inner"></div>
		</div>
						</div>
				</div>
				<div class="elementor-element elementor-element-b307dd9 elementor-widget elementor-widget-heading" data-id="b307dd9" data-element_type="widget" data-e-type="widget" data-widget_type="heading.default">
				<div class="elementor-widget-container">
					<h4 class="elementor-heading-title elementor-size-default">KBSI 2023 Program Committee</h4>				</div>
				</div>
				<div class="elementor-element elementor-element-49186de elementor-position-left elementor-vertical-align-top elementor-widget elementor-widget-image-box" data-id="49186de" data-element_type="widget" data-e-type="widget" data-widget_type="image-box.default">
				<div class="elementor-widget-container">
					<div class="elementor-image-box-wrapper"><figure class="elementor-image-box-img"><img loading="lazy" decoding="async" width="150" height="150" src="https://ikit.org/summerinstitute2023/wp-content/uploads/2023/03/Screenshot-2023-03-09-at-3.23.33-PM-150x150.png" class="attachment-thumbnail size-thumbnail wp-image-789" alt="" srcset="https://ikit.org/summerinstitute2023/wp-content/uploads/2023/03/Screenshot-2023-03-09-at-3.23.33-PM-150x150.png 150w, https://ikit.org/summerinstitute2023/wp-content/uploads/2023/03/Screenshot-2023-03-09-at-3.23.33-PM-300x300.png 300w, https://ikit.org/summerinstitute2023/wp-content/uploads/2023/03/Screenshot-2023-03-09-at-3.23.33-PM.png 450w" sizes="(max-width: 150px) 100vw, 150px" /></figure><div class="elementor-image-box-content"><h5 class="elementor-image-box-title">Fernando Díaz del Castillo</h5><p class="elementor-image-box-description">Chair of the Program Committee, Chief Learning Officer, Fundación Shaia, Associate Teacher, Gimnasio La Montaña, Colombia</p></div></div>				</div>
				</div>
				<div class="elementor-element elementor-element-c6835d8 elementor-position-left elementor-vertical-align-top elementor-widget elementor-widget-image-box" data-id="c6835d8" data-element_type="widget" data-e-type="widget" data-widget_type="image-box.default">
				<div class="elementor-widget-container">
					<div class="elementor-image-box-wrapper"><figure class="elementor-image-box-img"><img loading="lazy" decoding="async" width="150" height="150" src="https://ikit.org/summerinstitute2023/wp-content/uploads/2023/03/Screenshot-2023-03-09-at-3.23.46-PM-150x150.png" class="attachment-thumbnail size-thumbnail wp-image-790" alt="" srcset="https://ikit.org/summerinstitute2023/wp-content/uploads/2023/03/Screenshot-2023-03-09-at-3.23.46-PM-150x150.png 150w, https://ikit.org/summerinstitute2023/wp-content/uploads/2023/03/Screenshot-2023-03-09-at-3.23.46-PM-300x300.png 300w, https://ikit.org/summerinstitute2023/wp-content/uploads/2023/03/Screenshot-2023-03-09-at-3.23.46-PM.png 477w" sizes="(max-width: 150px) 100vw, 150px" /></figure><div class="elementor-image-box-content"><h5 class="elementor-image-box-title">Carol K. K. Chan</h5><p class="elementor-image-box-description">Honorary Professor, 
Academic Unit of Human Communication, Development, and Information Sciences, University of Hong Kong</p></div></div>				</div>
				</div>
				<div class="elementor-element elementor-element-e10a087 elementor-position-left elementor-vertical-align-top elementor-widget elementor-widget-image-box" data-id="e10a087" data-element_type="widget" data-e-type="widget" data-widget_type="image-box.default">
				<div class="elementor-widget-container">
					<div class="elementor-image-box-wrapper"><figure class="elementor-image-box-img"><img loading="lazy" decoding="async" width="150" height="150" src="https://ikit.org/summerinstitute2023/wp-content/uploads/2023/03/Screenshot-2023-03-09-at-3.24.05-PM-150x150.png" class="attachment-thumbnail size-thumbnail wp-image-791" alt="" srcset="https://ikit.org/summerinstitute2023/wp-content/uploads/2023/03/Screenshot-2023-03-09-at-3.24.05-PM-150x150.png 150w, https://ikit.org/summerinstitute2023/wp-content/uploads/2023/03/Screenshot-2023-03-09-at-3.24.05-PM-300x300.png 300w, https://ikit.org/summerinstitute2023/wp-content/uploads/2023/03/Screenshot-2023-03-09-at-3.24.05-PM.png 551w" sizes="(max-width: 150px) 100vw, 150px" /></figure><div class="elementor-image-box-content"><h5 class="elementor-image-box-title">Seng Chee Tan</h5><p class="elementor-image-box-description">Associate Dean, Graduate Education by Research, Office of Graduate Studies and Professional Learning, Associate Professor, National Institute of Education, Nanyang Technological University, Singapore</p></div></div>				</div>
				</div>
					</div>
		</div>
					</div>
		</section>
				</div>
