{"id":466,"date":"2021-03-02T22:24:53","date_gmt":"2021-03-02T22:24:53","guid":{"rendered":"https:\/\/ikit.org\/summerinstitute2020\/?page_id=466"},"modified":"2021-11-15T20:53:18","modified_gmt":"2021-11-15T20:53:18","slug":"conference-presentations","status":"publish","type":"page","link":"https:\/\/ikit.org\/summerinstitute2020\/index.php\/conference-presentations\/","title":{"rendered":"Conference Presentations"},"content":{"rendered":"\t\t<div data-elementor-type=\"wp-page\" data-elementor-id=\"466\" class=\"elementor elementor-466\">\n\t\t\t\t\t\t\t\t\t<section class=\"elementor-section elementor-top-section elementor-element elementor-element-1cf3d3f5 elementor-section-boxed elementor-section-height-default elementor-section-height-default\" data-id=\"1cf3d3f5\" data-element_type=\"section\">\n\t\t\t\t\t\t<div class=\"elementor-container elementor-column-gap-default\">\n\t\t\t\t\t<div class=\"elementor-column elementor-col-100 elementor-top-column elementor-element elementor-element-77da1791\" data-id=\"77da1791\" data-element_type=\"column\">\n\t\t\t<div class=\"elementor-widget-wrap elementor-element-populated\">\n\t\t\t\t\t\t\t\t<div class=\"elementor-element elementor-element-15ac3497 elementor-widget elementor-widget-text-editor\" data-id=\"15ac3497\" data-element_type=\"widget\" data-widget_type=\"text-editor.default\">\n\t\t\t\t<div class=\"elementor-widget-container\">\n\t\t\t\t\t\t\t<p><!-- wp:paragraph --><\/p>\n<p><strong>LONG PAPERS<\/strong><\/p>\n<p><!-- \/wp:paragraph --><\/p>\n<p><!-- wp:paragraph --><\/p>\n<p>To Know or not to Know chess: Epistemic agency in a kindergarten classroom as a moral and ethical domain. <strong><em>Ali Azhar<\/em>.<\/strong> <a href=\"https:\/\/ikit.org\/summerinstitute2020\/wp-content\/uploads\/2021\/03\/172-AliAzhar-KBSIsubmission.pdf\" target=\"_blank\" rel=\"noreferrer noopener\">Paper.<\/a> <a href=\"https:\/\/play.library.utoronto.ca\/288916edab71035c78e5d7dd04c4a6f6\" target=\"_blank\" rel=\"noreferrer noopener\">Video<\/a>.<\/p>\n<p><!-- \/wp:paragraph --><\/p>\n<p><!-- wp:paragraph --><\/p>\n<p>Transmedia sensemaking: Exploring youth\u2019s epistemic resources for knowledge building communities. <strong><em>Kate Bielaczyc<\/em>.<\/strong> <a href=\"https:\/\/ikit.org\/summerinstitute2020\/wp-content\/uploads\/2021\/03\/187-Bielaczyc-Transmedia.pdf\" target=\"_blank\" rel=\"noreferrer noopener\">Paper<\/a>. <a href=\"https:\/\/play.library.utoronto.ca\/bb9361d8d325643d4809a688e007578b\" target=\"_blank\" rel=\"noreferrer noopener\">Video<\/a>.<\/p>\n<p><!-- \/wp:paragraph --><\/p>\n<p><!-- wp:paragraph --><\/p>\n<p>Crisscrossing information with the IdeaMagnets Tool. <em><strong>Bodong Chen, Yu-Hui Chang, David Groos<\/strong><\/em>. <a href=\"https:\/\/ikit.org\/summerinstitute2020\/wp-content\/uploads\/2021\/03\/149-Chen-Crisscrossing.pdf\" target=\"_blank\" rel=\"noreferrer noopener\">Paper<\/a>. <a href=\"https:\/\/play.library.utoronto.ca\/6a41e5572d1f001035ec234414f85991\" target=\"_blank\" rel=\"noreferrer noopener\">Video<\/a>.<\/p>\n<p><!-- \/wp:paragraph --><\/p>\n<p><!-- wp:paragraph --><\/p>\n<p>The Research on Cultivating Vocational Teachers\u2019 Educational Research Ability in a Knowledge Building Community. <strong><em>Yujie Chen, Yibing Zhang<\/em>.<\/strong> <a href=\"https:\/\/ikit.org\/summerinstitute2020\/wp-content\/uploads\/2021\/03\/151-Chen-etal-TheResearch.pdf\" target=\"_blank\" rel=\"noreferrer noopener\">Paper<\/a>. <a href=\"https:\/\/play.library.utoronto.ca\/d4bc6ac9be2354ec302c207b671c6f05\" target=\"_blank\" rel=\"noreferrer noopener\">Video<\/a>.<\/p>\n<p><!-- \/wp:paragraph --><\/p>\n<p><!-- wp:paragraph --><\/p>\n<p>Knowledge Use in Knowledge Building Discourse. <strong><em>Frank de Jong, Yoshiaki Matsuzawa, Erick Velazquez<\/em>.<\/strong> <a href=\"https:\/\/ikit.org\/summerinstitute2020\/wp-content\/uploads\/2021\/03\/186-KBSI2020Conference_final_De-Jong.pdf\" target=\"_blank\" rel=\"noreferrer noopener\">Paper<\/a>. <a href=\"https:\/\/play.library.utoronto.ca\/e2214dc66d418221845baa352ff2a15e\" target=\"_blank\" rel=\"noreferrer noopener\">Video.<\/a><\/p>\n<p><!-- \/wp:paragraph --><\/p>\n<p><!-- wp:paragraph --><\/p>\n<p>Knowledge Building as a Way of Life: Enculturating Students into World 3. <strong><em>Emily Horner, Leanne Ma<\/em>. <\/strong><a href=\"https:\/\/ikit.org\/summerinstitute2020\/wp-content\/uploads\/2021\/11\/185-KBSI-Horner-Ma.pdf\">Paper.<\/a> <a href=\"https:\/\/play.library.utoronto.ca\/f3293dd38bdb0c0059c10e5251baa0e8\" target=\"_blank\" rel=\"noreferrer noopener\">Video<\/a>.<\/p>\n<p><!-- \/wp:paragraph --><\/p>\n<p><!-- wp:paragraph --><\/p>\n<p>Towards Capturing and Storytelling of the Evolution of Thought in Knowledge Building Communities. <strong><em>Robert Huang<\/em>.<\/strong> <a href=\"https:\/\/ikit.org\/summerinstitute2020\/wp-content\/uploads\/2021\/03\/134-Huang-Towards.pdf\" target=\"_blank\" rel=\"noreferrer noopener\">Paper<\/a>. <a href=\"https:\/\/play.library.utoronto.ca\/b79f17a1f37bf29538f6b05ba48c12ff\" target=\"_blank\" rel=\"noreferrer noopener\">Video<\/a>.<\/p>\n<p><!-- \/wp:paragraph --><\/p>\n<p><!-- wp:paragraph --><\/p>\n<p>Enhancing Inquiry-Based Learning in the Social Studies Classroom using Knowledge Building Pedagogy and Technology. <strong><em>Lin Jiehui, Melvin Chan<\/em>.<\/strong> <a href=\"https:\/\/ikit.org\/summerinstitute2020\/wp-content\/uploads\/2021\/03\/133-Jienhui-Chan-Enhancing.pdf\" target=\"_blank\" rel=\"noreferrer noopener\">Paper<\/a>.<\/p>\n<p><!-- \/wp:paragraph --><\/p>\n<p><!-- wp:paragraph --><\/p>\n<p>Students Taking Charge at the Highest Levels: Cross-Community Engagement in Design Mode with Knowledge Forum Analytic Tools. <em><strong>Leanne Ma, Thelma Akyea, Darlene Martin<\/strong><\/em>. <a href=\"https:\/\/ikit.org\/summerinstitute2020\/wp-content\/uploads\/2021\/11\/kbsi2020-kfanalytic184.pdf\">Paper<\/a>. <a href=\"https:\/\/play.library.utoronto.ca\/a24172a3b33d906773d6f3374814d565\" target=\"_blank\" rel=\"noreferrer noopener\">Video<\/a>.<\/p>\n<p><!-- \/wp:paragraph --><\/p>\n<p><!-- wp:paragraph --><\/p>\n<p>Enhancing Pre-School Teachers\u2019 Professional Development using Knowledge Building during Home-Based Learning. <strong><em>Gabrielle Ong, Alwyn Lee, Chew Lee Teo, Mi Song Kim<\/em>.<\/strong> <a href=\"https:\/\/ikit.org\/summerinstitute2020\/wp-content\/uploads\/2021\/03\/162-Ong-Enhancing.pdf\" target=\"_blank\" rel=\"noreferrer noopener\">Paper<\/a>. <a href=\"https:\/\/play.library.utoronto.ca\/b726c5fa84da9e1a5ba1c38432875f49\" target=\"_blank\" rel=\"noreferrer noopener\">Video<\/a>.<\/p>\n<p><!-- \/wp:paragraph --><\/p>\n<p><!-- wp:paragraph --><\/p>\n<p>A case study of emotion analysis for collective idea improvement. <strong><em>Kian Keong Aloysius Ong, Chew Lee Teo, Faye Juliano, Samuel Tan, Mi Song Kim<\/em>.<\/strong> <a href=\"https:\/\/ikit.org\/summerinstitute2020\/wp-content\/uploads\/2021\/03\/177-A-case-study-of-emotion-analysis-for-collective-idea-improvement_ForProceedings.pdf\" target=\"_blank\" rel=\"noreferrer noopener\">Paper<\/a>. <a href=\"https:\/\/play.library.utoronto.ca\/d30efcbc448d198c5606f30752d5c00e\" target=\"_blank\" rel=\"noreferrer noopener\">Video.<\/a><\/p>\n<p><!-- \/wp:paragraph --><\/p>\n<p><!-- wp:paragraph --><\/p>\n<p>Tracing a Teacher\u2019s Reflective Noticing and Scaffolding of Student Inquiry in Grade 5 Knowledge Building Communities. <strong><em>Hyejin Park, Jianwei Zhang<\/em>. <\/strong><a href=\"https:\/\/ikit.org\/summerinstitute2020\/wp-content\/uploads\/2021\/03\/175-2020-KBSI_Teacher-Noticing-and-Scaffolding-in-KB_Park-Zhang_Revised_final.pdf\" target=\"_blank\" rel=\"noreferrer noopener\">Paper<\/a>. <a href=\"https:\/\/play.library.utoronto.ca\/ef200b7ba4721701883a03ebad20e1b6\" target=\"_blank\" rel=\"noreferrer noopener\">Video<\/a>.<\/p>\n<p><!-- \/wp:paragraph --><\/p>\n<p><!-- wp:paragraph --><\/p>\n<p>Exploring the Prospects of Knowledge Building in Advancing Computational Thinking. <strong><em>Dina Soliman<\/em>.<\/strong> <a href=\"https:\/\/ikit.org\/summerinstitute2020\/wp-content\/uploads\/2021\/03\/144-Soliman-Exploring.pdf\" target=\"_blank\" rel=\"noreferrer noopener\">Paper<\/a>. <a href=\"https:\/\/play.library.utoronto.ca\/731d75703ee8de2c9df0a39a8a36cb56\" target=\"_blank\" rel=\"noreferrer noopener\">Video<\/a>.<\/p>\n<p><!-- \/wp:paragraph --><\/p>\n<p><!-- wp:paragraph --><\/p>\n<p>Supporting Knowledge Building with Analytics and Augmented Intelligence \u2013 Building on the Emerging Works. <strong><em>Seng Chee Tan, Chew Lee Teo<\/em>.<\/strong> <a href=\"https:\/\/ikit.org\/summerinstitute2020\/wp-content\/uploads\/2021\/03\/137-Tan-Teo-Supporting.pdf\" target=\"_blank\" rel=\"noreferrer noopener\">Paper<\/a>. <a href=\"https:\/\/play.library.utoronto.ca\/30020391eccb4ce278d33b87183d94c8\" target=\"_blank\" rel=\"noreferrer noopener\">Video<\/a>.<\/p>\n<p><!-- \/wp:paragraph --><\/p>\n<p><!-- wp:paragraph --><\/p>\n<p>Exploring the Rate of Growth in Lexical Richness, Spelling, and Conceptual Understanding through Knowledge Building: Analyses of Grade 1 to 5 Discourse. <strong><em>Wakana Tsuji, Marlene Scardamalia<\/em>.<\/strong> <a href=\"https:\/\/play.library.utoronto.ca\/066774d4163146035b92cae3ff949c2f\" target=\"_blank\" rel=\"noreferrer noopener\">Video<\/a>.<\/p>\n<p><!-- \/wp:paragraph --><\/p>\n<p><!-- wp:paragraph --><\/p>\n<p>Pedagogical Paradigms: Transformational Professional Online Learning. <strong><em>Roland van Oostveen<\/em>.<\/strong> <a href=\"https:\/\/ikit.org\/summerinstitute2020\/wp-content\/uploads\/2021\/03\/179-vanOostveen_Pedagogical-Paradigms-Transformational-Professional-Online-Learning.pdf\" target=\"_blank\" rel=\"noreferrer noopener\">Paper<\/a>. <a href=\"https:\/\/play.library.utoronto.ca\/0c7a742455828547ca7e6fa7aeba2e59\" target=\"_blank\" rel=\"noreferrer noopener\">Video<\/a>.<\/p>\n<p><!-- \/wp:paragraph --><\/p>\n<p><!-- wp:paragraph --><\/p>\n<p>On the Interplay of Social Presence, Idea Improvement and Knowledge Development in Knowledge Building Communities. <strong><em>Glenn Wagner, Marlene Scardamalia<\/em>.<\/strong> <a href=\"https:\/\/ikit.org\/summerinstitute2020\/wp-content\/uploads\/2021\/03\/141-Wagner-OnTheInterplay.pdf\" target=\"_blank\" rel=\"noreferrer noopener\">Paper.<\/a> <a href=\"https:\/\/play.library.utoronto.ca\/1de151bdc2c1e98081f7ad472dd35b94\" target=\"_blank\" rel=\"noreferrer noopener\">Video<\/a>.<\/p>\n<p><!-- \/wp:paragraph --><\/p>\n<p><!-- wp:paragraph --><\/p>\n<p>Collective Cognitive Responsibility in Knowledge Building Community: Theoretical Model Construction and Application Research. <strong><em>Changhong Yin, Yibing Zhang, Xiaocui Yin<\/em>. <\/strong><a href=\"https:\/\/ikit.org\/summerinstitute2020\/wp-content\/uploads\/2021\/03\/147-Yin-Zhang-Yin-Collective.pdf\" target=\"_blank\" rel=\"noreferrer noopener\">Paper<\/a>.<a href=\"https:\/\/play.library.utoronto.ca\/101c1fdc844454e69f5e3745e4b844f6\" target=\"_blank\" rel=\"noreferrer noopener\"> Video<\/a>.<\/p>\n<p><!-- \/wp:paragraph --><\/p>\n<p><!-- wp:paragraph --><\/p>\n<p><strong>SHORT PAPERS<\/strong><\/p>\n<p><!-- \/wp:paragraph --><\/p>\n<p><!-- wp:paragraph --><\/p>\n<p>Embedding Computational and Other Specialized Thinking in Knowledge Building. <strong><em>Carl Bereiter<\/em>.<\/strong> <a href=\"https:\/\/ikit.org\/summerinstitute2020\/wp-content\/uploads\/2021\/03\/130-Bereiter-Embedding.pdf\" target=\"_blank\" rel=\"noreferrer noopener\">Paper.<\/a> <a href=\"https:\/\/play.library.utoronto.ca\/779c8939a96a8691877242deb9321a85\" target=\"_blank\" rel=\"noreferrer noopener\">Video<\/a>.<\/p>\n<p><!-- \/wp:paragraph --><\/p>\n<p><!-- wp:paragraph --><\/p>\n<p>Peer feedback and Sense of Community in a blended university course. <strong><em>Stefano Cacciamani, Vittore Perrucci, Giulia Balboni<\/em>.<\/strong> <a href=\"https:\/\/ikit.org\/summerinstitute2020\/wp-content\/uploads\/2021\/03\/138-Cacciamani-Peer-feedback.pdf\" target=\"_blank\" rel=\"noreferrer noopener\">Paper<\/a>. <a href=\"https:\/\/play.library.utoronto.ca\/c349f7a204a27741bef8077a5f1dd37f\" target=\"_blank\" rel=\"noreferrer noopener\">Video<\/a>.<\/p>\n<p><!-- \/wp:paragraph --><\/p>\n<p><!-- wp:paragraph --><\/p>\n<p>Examining Cognitive Collaborative Annotations Contributions in Knowledge Forum through Idea Magnets tool: Effects and Future Directions. <strong><em>Stacy A. Costa<\/em>.<\/strong> <a href=\"https:\/\/ikit.org\/summerinstitute2020\/wp-content\/uploads\/2021\/03\/157-Costa-Examining-Cognitive-.pdf\" target=\"_blank\" rel=\"noreferrer noopener\">Paper<\/a>. <a href=\"https:\/\/play.library.utoronto.ca\/0528df60b03732b142f2424798cfb0b5\" target=\"_blank\" rel=\"noreferrer noopener\">Video<\/a>.<\/p>\n<p><!-- \/wp:paragraph --><\/p>\n<p><!-- wp:paragraph --><\/p>\n<p>The Idea-Friend Map. <em><strong>Xueqi Feng, Jan van Aalst, Carol K.K. Chan<\/strong><\/em>. <a href=\"https:\/\/ikit.org\/summerinstitute2020\/wp-content\/uploads\/2021\/03\/181-KBSI-Xueqi-Feng.pdf\" target=\"_blank\" rel=\"noreferrer noopener\">Paper<\/a>. <a href=\"https:\/\/play.library.utoronto.ca\/f36f78b46cbed13b79fd6a3910fcfa9e\" target=\"_blank\" rel=\"noreferrer noopener\">Video<\/a>.<\/p>\n<p><!-- \/wp:paragraph --><\/p>\n<p><!-- wp:paragraph --><\/p>\n<p>Digital Storytelling in a Knowledge Building Community \u2013 An Emerging Model. <strong><em>Robert Huang, David Osorio<\/em>.<\/strong> <a href=\"https:\/\/ikit.org\/summerinstitute2020\/wp-content\/uploads\/2021\/03\/132-Digital-Storytelling-in-a-Knowledge-Building-Community-An-Emerging-Model.pdf\" target=\"_blank\" rel=\"noreferrer noopener\">Paper.<\/a> <a href=\"https:\/\/play.library.utoronto.ca\/a2dddd7a51f2cd606a280b85dafaf46e\" target=\"_blank\" rel=\"noreferrer noopener\">Video<\/a>.<\/p>\n<p><!-- \/wp:paragraph --><\/p>\n<p><!-- wp:paragraph --><\/p>\n<p>Advancing Creative Drama Through Knowledge Building in Grade 5. <em><strong>Jiping Jiang, Yibing Zhang, Jie Gao, Min Yu<\/strong><\/em>. <a href=\"https:\/\/ikit.org\/summerinstitute2020\/wp-content\/uploads\/2021\/03\/167-Jiang-J-Advancing-Creative.pdf\" target=\"_blank\" rel=\"noreferrer noopener\">Paper<\/a>. <a href=\"https:\/\/play.library.utoronto.ca\/e047ce1dfdc062152f6d9242002f302e\" target=\"_blank\" rel=\"noreferrer noopener\">Video<\/a>.<\/p>\n<p><!-- \/wp:paragraph --><\/p>\n<p><!-- wp:paragraph --><\/p>\n<p>The Structure of Knowledge Building for Promising Ideas in the Palliative Care eLearning Program. <em><strong>Leila Lax, Anita Singh, Paolo Mazzotta, James Meuser<\/strong><\/em>. <a href=\"https:\/\/ikit.org\/summerinstitute2020\/wp-content\/uploads\/2021\/03\/135-Lax-et-al-TheStructure.pdf\" target=\"_blank\" rel=\"noreferrer noopener\">Paper.<\/a> <a href=\"https:\/\/play.library.utoronto.ca\/42918deec6230b4c98483dd54f22c948\" target=\"_blank\" rel=\"noreferrer noopener\">Video<\/a>.<\/p>\n<p><!-- \/wp:paragraph --><\/p>\n<p><!-- wp:paragraph --><\/p>\n<p>Open Up an Account Ability Gap for Real Learning. <em><strong>Niall MacKinnon<\/strong><\/em>. <a href=\"https:\/\/ikit.org\/summerinstitute2020\/wp-content\/uploads\/2021\/03\/174-NLM-KBSI2020-Mackinnon-account-ability-gap-174-300-1.pdf\" target=\"_blank\" rel=\"noreferrer noopener\">Paper<\/a>. <a href=\"https:\/\/play.library.utoronto.ca\/c0e4ede4f3fc44c3d381c3cee266ad9b\" target=\"_blank\" rel=\"noreferrer noopener\">Video<\/a>.<\/p>\n<p><!-- \/wp:paragraph --><\/p>\n<p><!-- wp:paragraph --><\/p>\n<p>The Effect of Pre-Service Teacher\u2019s Knowledge-Building Activities on Their TPACK Knowledge and Design Belief. <strong><em>Chih-Hui Seet, Huang-Yao Hong, Guo-Tsai Hung<\/em>. <\/strong><a href=\"https:\/\/ikit.org\/summerinstitute2020\/wp-content\/uploads\/2021\/03\/140-Seet-etal-TheEffects.pdf\" target=\"_blank\" rel=\"noreferrer noopener\">Paper<\/a>. <a href=\"https:\/\/play.library.utoronto.ca\/851fa4417c46691d1ea5492e44970bbc\" target=\"_blank\" rel=\"noreferrer noopener\">Video<\/a>.<\/p>\n<p><!-- \/wp:paragraph --><\/p>\n<p><!-- wp:paragraph --><\/p>\n<p>Dynamic Knowledge Graph: A Tool for Fostering Conceptual Change in Knowledge Building Community. <strong><em>Zengcan Xue, Yibing Zhang, Chaojun Xu<\/em>.<\/strong> <a href=\"https:\/\/ikit.org\/summerinstitute2020\/wp-content\/uploads\/2021\/03\/153-Xue-etal-DynamicKnowledge.pdf\" target=\"_blank\" rel=\"noreferrer noopener\">Paper<\/a>. <a href=\"https:\/\/play.library.utoronto.ca\/65be25ee81a9dd06ac8f23c95649efbe\" target=\"_blank\" rel=\"noreferrer noopener\">Video<\/a>.<\/p>\n<p><!-- \/wp:paragraph --><\/p>\n<p><!-- wp:paragraph --><\/p>\n<p>Extending Co-Created Knowledge Building Discourses through Cross Community Collaboration. <em><strong>Guangji Yuan, Jianwei Zhang<\/strong><\/em>. <a href=\"https:\/\/ikit.org\/summerinstitute2020\/wp-content\/uploads\/2021\/03\/178-Yuan-etal-Extending.pdf\" target=\"_blank\" rel=\"noreferrer noopener\">Paper.<\/a> <a href=\"https:\/\/play.library.utoronto.ca\/a1b0f470216d90e39035cc17177ab7a6\" target=\"_blank\" rel=\"noreferrer noopener\">Video<\/a>.<\/p>\n<p><!-- \/wp:paragraph --><\/p>\n<p><!-- wp:paragraph --><\/p>\n<p>The Development of Students\u2019 Knowledge Building Competence: A Longitudinal Study. <strong><em>Gaoxia Zhu, Michael Martins, Raadiyah Nazeem<\/em>.<\/strong> <a href=\"https:\/\/ikit.org\/summerinstitute2020\/wp-content\/uploads\/2021\/03\/176-Zhu-The-Development.pdf\" target=\"_blank\" rel=\"noreferrer noopener\">Paper<\/a>. <a href=\"https:\/\/play.library.utoronto.ca\/7a897119ad399d2f8a409ac6f9b65d9a\" target=\"_blank\" rel=\"noreferrer noopener\">Video<\/a>.<\/p>\n<p><!-- \/wp:paragraph --><\/p>\n<p><!-- wp:paragraph --><\/p>\n<p><strong>POSTERS<\/strong><\/p>\n<p><!-- \/wp:paragraph --><\/p>\n<p><!-- wp:paragraph --><\/p>\n<p>How can Knowledge Building (KB) and Knowledge Forum\u00ae (KF) Support Plurilingualism in Secondary Science classes? <strong><em>Patricia Brooks<\/em>.<\/strong> <a href=\"https:\/\/ikit.org\/summerinstitute2020\/wp-content\/uploads\/2021\/03\/170-Poster.pdf\" target=\"_blank\" rel=\"noreferrer noopener\">Poster.<\/a> <a href=\"https:\/\/play.library.utoronto.ca\/3c57b2fd4f162451701bb94693e26345\" target=\"_blank\" rel=\"noreferrer noopener\">Video<\/a>.<\/p>\n<p><!-- \/wp:paragraph --><\/p>\n<p><!-- wp:paragraph --><\/p>\n<p>Let&#8217;s observe our school forest life! <em><strong>Laura Calzado, Merce Bernaus<\/strong><\/em>. <a href=\"https:\/\/ikit.org\/summerinstitute2020\/wp-content\/uploads\/2021\/03\/154-Poster.pdf\" target=\"_blank\" rel=\"noreferrer noopener\">Poster<\/a>. <a href=\"https:\/\/play.library.utoronto.ca\/2425672b5106ce44cf2718d58f04535c\" target=\"_blank\" rel=\"noreferrer noopener\">Video<\/a>.<\/p>\n<p><!-- \/wp:paragraph --><\/p>\n<p><!-- wp:paragraph --><\/p>\n<p>Zones of Collective Knowledge Building. <strong><em>Calixto Guti\u00e9rrez-Braojos, Carlos Rodr\u00edguez-Dom\u00ednguez, Francisco Carranza-Garc\u00eda, Gabriel Navarro-Garulo<\/em>.<\/strong> <a href=\"https:\/\/ikit.org\/summerinstitute2020\/wp-content\/uploads\/2021\/03\/160-Poster.pdf\" target=\"_blank\" rel=\"noreferrer noopener\">Poster<\/a>. <a href=\"https:\/\/play.library.utoronto.ca\/356fc063d90b5b07abaa59f3ab796797\" target=\"_blank\" rel=\"noreferrer noopener\">Video<\/a>.<\/p>\n<p><!-- \/wp:paragraph --><\/p>\n<p><!-- wp:paragraph --><\/p>\n<p>Intelligent Support for Knowledge Building Across Web Spaces. <strong><em>Basel Hussein, Bodong Chen<\/em>.<\/strong> <a href=\"https:\/\/ikit.org\/summerinstitute2020\/wp-content\/uploads\/2021\/03\/163-Poster.pdf\" target=\"_blank\" rel=\"noreferrer noopener\">Poster<\/a>. <a href=\"https:\/\/play.library.utoronto.ca\/6b676b8a68d6ac46f98b8a72878d360d\" target=\"_blank\" rel=\"noreferrer noopener\">Video<\/a>.<\/p>\n<p><!-- \/wp:paragraph --><\/p>\n<p><!-- wp:paragraph --><\/p>\n<p>Knowledge Building International Project on Gender Equality: \u201cKnowing our Roles, sharing our responsibilities\u201d. <em><strong>Jenny Melo, Laura Calzado<\/strong><\/em>. <a href=\"https:\/\/ikit.org\/summerinstitute2020\/wp-content\/uploads\/2021\/03\/171-Poster.pdf\" target=\"_blank\" rel=\"noreferrer noopener\">Poster<\/a>. <a href=\"https:\/\/play.library.utoronto.ca\/b17d9d72540c48909bfbd1dfca5c0347\" target=\"_blank\" rel=\"noreferrer noopener\">Video<\/a>.<\/p>\n<p><!-- \/wp:paragraph --><\/p>\n<p><!-- wp:paragraph --><\/p>\n<p>Cultivating Knowledge Building Culture in an ESL Writing Class. <strong><em>Kejia Rui<\/em>.<\/strong> <a href=\"https:\/\/ikit.org\/summerinstitute2020\/wp-content\/uploads\/2021\/03\/159-Poster.pdf\" target=\"_blank\" rel=\"noreferrer noopener\">Poster<\/a>. <a href=\"https:\/\/play.library.utoronto.ca\/88bd63f510f0a8c6e2216b47715b9b89\" target=\"_blank\" rel=\"noreferrer noopener\">Video.<\/a><\/p>\n<p><!-- \/wp:paragraph --><\/p>\n<p><!-- wp:paragraph --><\/p>\n<p>Assessment in Knowledge Building: How to apply written feedback strategy to guide Key Stage 1 students keeping focus on the targeted topic throughout cross curricular study? <em><strong>Zhilin Ma<\/strong><\/em>, <strong><em>Wei Wang.<\/em><\/strong> <a href=\"https:\/\/ikit.org\/summerinstitute2020\/wp-content\/uploads\/2021\/03\/Poster164.pdf\" target=\"_blank\" rel=\"noreferrer noopener\">Poster<\/a>. <a href=\"https:\/\/play.library.utoronto.ca\/e33bac9cdd47a6c52c7aace1eb2977c6\" target=\"_blank\" rel=\"noreferrer noopener\">Video<\/a>.<\/p>\n<p><!-- \/wp:paragraph --><\/p>\n<p><!-- wp:paragraph --><\/p>\n<p>The Method of Locating Teaching Starting Point in Knowledge Building. <em><strong>Jenny Zhu, Wei Wang<\/strong><\/em>. <a href=\"https:\/\/ikit.org\/summerinstitute2020\/wp-content\/uploads\/2021\/03\/166-Poster.pdf\" target=\"_blank\" rel=\"noreferrer noopener\">Poster<\/a>. <a href=\"https:\/\/play.library.utoronto.ca\/7c0b765efe0bc9a0c271f3c2eaa1e37c\" target=\"_blank\" rel=\"noreferrer noopener\">Video<\/a>.<\/p>\n<p><!-- \/wp:paragraph --><\/p>\t\t\t\t\t\t<\/div>\n\t\t\t\t<\/div>\n\t\t\t\t\t<\/div>\n\t\t<\/div>\n\t\t\t\t\t\t\t<\/div>\n\t\t<\/section>\n\t\t\t\t\t\t\t<\/div>\n\t\t","protected":false},"excerpt":{"rendered":"<p>LONG PAPERS To Know or not to Know chess: Epistemic agency in a kindergarten classroom as a moral and ethical domain. Ali Azhar. Paper. Video. Transmedia sensemaking: Exploring youth\u2019s epistemic resources for knowledge building communities. Kate Bielaczyc. Paper. Video. Crisscrossing information with the IdeaMagnets Tool. Bodong Chen, Yu-Hui Chang, David Groos. Paper. Video. The Research on Cultivating Vocational Teachers\u2019 Educational Research Ability in a Knowledge Building Community. Yujie Chen, Yibing&hellip;<\/p>\n","protected":false},"author":1,"featured_media":0,"parent":0,"menu_order":0,"comment_status":"closed","ping_status":"closed","template":"","meta":{"footnotes":""},"class_list":["post-466","page","type-page","status-publish","hentry"],"_links":{"self":[{"href":"https:\/\/ikit.org\/summerinstitute2020\/index.php\/wp-json\/wp\/v2\/pages\/466","targetHints":{"allow":["GET"]}}],"collection":[{"href":"https:\/\/ikit.org\/summerinstitute2020\/index.php\/wp-json\/wp\/v2\/pages"}],"about":[{"href":"https:\/\/ikit.org\/summerinstitute2020\/index.php\/wp-json\/wp\/v2\/types\/page"}],"author":[{"embeddable":true,"href":"https:\/\/ikit.org\/summerinstitute2020\/index.php\/wp-json\/wp\/v2\/users\/1"}],"replies":[{"embeddable":true,"href":"https:\/\/ikit.org\/summerinstitute2020\/index.php\/wp-json\/wp\/v2\/comments?post=466"}],"version-history":[{"count":9,"href":"https:\/\/ikit.org\/summerinstitute2020\/index.php\/wp-json\/wp\/v2\/pages\/466\/revisions"}],"predecessor-version":[{"id":546,"href":"https:\/\/ikit.org\/summerinstitute2020\/index.php\/wp-json\/wp\/v2\/pages\/466\/revisions\/546"}],"wp:attachment":[{"href":"https:\/\/ikit.org\/summerinstitute2020\/index.php\/wp-json\/wp\/v2\/media?parent=466"}],"curies":[{"name":"wp","href":"https:\/\/api.w.org\/{rel}","templated":true}]}}